-3.
0
What is the value of -4 - 0 - (-14 - (-1 + -6))?
3
What is the value of -7 - (0 + 0 - 1)?
-6
2 + -10 - (21 - 24)
-5
What is the value of (14 - 7) + (5 - (7 - -5))?
0
What is (-1 - 6) + (-4 + 7 - 5)?
-9
(-11 - 0 - -6) + 6
1
What is the value of -8 + (0 - (4 + -11))?
-1
Calculate 2 + (-7 - -2) + 1.
-2
What is -1 + (2 - (7 + -4))?
-2
Evaluate -7 + -1 + (6 - 3).
-5
What is the value of -3 - -1 - -4 - 3 - -3?
2
What is the value of 8 - (7 + 1 + -5)?
5
What is -25 - -28 - (1 - 3) - 6?
-1
What is -4 + 2 + 10 + -3 + -1?
4
What is -5 + 2 + (4 - -4)?
5
Evaluate (-3 - (7 + -5)) + 11.
6
Evaluate (-10 + 8 - (0 - 0)) + 2.
0
Calculate 0 + (9 - (-9 + 14)).
4
What is the value of 7 - 1 - (-1 + -3 + 5)?
5
What is (1 + -5 - -1) + 2?
-1
What is the value of (1 - (-1 - -4)) + 1 - 1?
-2
What is the value of -17 + (-7 - -16) + 5?
-3
Evaluate 8 + -4 + (-5 - -2).
1
-7 + 7 + -6 - -15
9
4 + (-4 - (-2 - -4))
-2
Evaluate 19 - 16 - (-3 - (-11 - -1)).
-4
-2 - (-1 - -1 - (-5 + 4))
-3
Evaluate -1 + 1 - (-6 + 1 + 6).
-1
7 + -9 - (-1 - (0 + -1))
-2
Evaluate 1 + -1 + 2 + -18 + 18.
2
1 - 0 - (-4 - -13 - 1)
-7
What is the value of -1 - -1 - (3 + -6 + 7)?
-4
Calculate (-5 + 2 - -1 - 2) + 0.
-4
What is the value of 3 + (-9 - -1) + 2 - -2?
-1
Evaluate -2 + (-26 - -28) - (7 - 0).
-7
Calculate (6 - 3) + -4 - (-9 - -13).
-5
Calculate 1 - (2 + -2 + 5).
-4
What is -3 + 6 - (-3 + 5 + -2)?
3
-2 + -1 + (-4 - -2) + 1
-4
What is the value of 1 - 8 - (-1 + -6 - -4)?
-4
What is -1 + 6 - (-8 + 12)?
1
What is the value of -2 - -16 - (7 + -2) - 4?
5
What is the value of 1 - 4 - ((-6 - -4) + 4)?
-5
Calculate -5 - (-14 + -1 + 0 + 4).
6
What is the value of -7 - (-13 + 10 - 11)?
7
What is the value of -19 + 10 + (12 - -4)?
7
What is the value of -18 + 1 - (-6 + -1)?
-10
What is -7 + 14 + -3 + 1?
5
Calculate -4 + 14 - 8 - -4.
6
What is the value of -4 + (-3 - -6) - 3?
-4
Evaluate 4 - (0 + -10 - -23).
-9
Calculate 0 + (1 - -3) + -9.
-5
0 + -2 + 2 - (0 + 1)
-1
Evaluate (-2 - 3) + (5 - -1).
1
Evaluate 2 - (-1 + -1 + (57 - 62)).
9
-1 + -12 - (-10 + 0)
-3
What is the value of -11 + (-18 - -12) + 11?
-6
6 + 5 + -14 + (-1 - 0)
-4
Calculate 2 + (8 - 2) + -2.
6
Evaluate (3 - (-4 - (-7 - 2))) + 1.
-1
-7 + 2 - (1 - 2)
-4
What is the value of 11 + -5 - 5 - 2?
-1
What is (-2 + 10 - 11) + -2?
-5
Evaluate 4 + 8 + (-16 - -7).
3
What is the value of 5 - (-2 - -10) - 4?
-7
14 - 6 - (-6 - -4)
10
Evaluate 3 + 0 + -2 + -1 - -1.
1
What is -1 - (3 - -1 - 2 - 4)?
1
Evaluate -16 + 18 + (8 - 2).
8
What is -5 - (-11 - -1) - 0?
5
Calculate -5 - (30 + -30 - (-1 + 0)).
-6
Calculate 0 + (3 - 1) + (-7 - -6).
1
(1 - 19) + -134 + 145
-7
Calculate -2 + (2 - 0) - (109 - 102).
-7
What is 3 + -3 + 0 - -3?
3
-6 + 1 + 29 + -28 - -1
-3
Calculate 8 + -15 - (-13 + 1).
5
What is the value of (-6 + 3 - -4) + 2?
3
-6 - -8 - 9 - -1
-6
What is the value of (-3 - (-6 + 2)) + 2 + -1?
2
4 - (0 + (3 - 5 - -1))
5
Evaluate -6 + -4 + 1 + 1 - -4.
-4
Evaluate (117 - 108) + (-1 - 1 - 2).
5
-1 - -5 - (8 - (-16 - -30))
10
(7 - (-1 - -9)) + 4
3
Calculate (9 - -2) + (-2 - 2).
7
Calculate -8 + 6 + (1 + 2 - -1).
2
What is -1 + -7 + (0 - -5)?
-3
Calculate (4 - (3 + -5 + 1)) + 4.
9
What is 2 - (-2 - -5 - -4)?
-5
-12 - -1 - (5 + -13)
-3
Evaluate (66 - 69) + 0 + -4.
-7
Evaluate (-3 - (0 - -1)) + 2.
-2
What is the value of 1 + -4 + (9 - 3)?
3
-4 + -1 + 4 - (-2 - -3)
-2
What is the value of -8 + 2 - (-4 - -4 - 1)?
-5
What is the value of -4 + 3 + 0 - (-4 - 0)?
3
6 + (2 - 6) - 0
2
(-8 - 0) + (2 - 4) + 6
-4
Calculate -1 - -7 - (6 + -2).
2
What is 3 - (10 - 6 - -1)?
-2
4 - (5 + -5) - 3
1
What is the value of (-6 - -1) + -1 + 1?
-5
Evaluate 2 + (0 - 5) + 8.
5
Evaluate 0 - (-1 + 4) - -4.
1
What is the value of (-8 - -9) + (3 - 1)?
3
What is (2 - 4) + 2 - -1?
1
(-14 - -13 - 3) + (0 - -2)
-2
What is the value of 10 + 5 + (4 - (21 - 6))?
4
Calculate 5 - (1 + 2 + -1).
3
1 + (-9 - -1) + 19 + -16
-4
-5 - (-8 + (-2 - -6 - 0))
-1
-7 + -2 + 0 - -4
-5
-10 - (9 - 9) - -5
-5
Calculate -6 + 6 + (6 - 12) + 11.
5
What is the value of 0 + 9 - (-13 + 31 + -14)?
5
Calculate 2 - (2 - 0) - (7 - 3).
-4
What is the value of 1 + 5 + -1 + (1 - -2)?
8
What is the value of (6 - 14) + 1 + 9?
2
Calculate 197 + -175 - (10 + 1).
11
What is the value of (-3 - 2) + (-5 - -10) + 0?
0
(0 - (-3 + 0)) + -5
-2
Evaluate 142 - 145 - (-1 - -1).
-3
What is (-7 - -2) + (5 - 4)?
-4
Evaluate 4 + (1 - 5) + -2 + 5.
3
What is the value of -1 + 8 + 13 + -15 + -3?
2
What is (3 - 0 - -1) + (-38 - -30)?
-4
What is 1 - -7 - (4 + -2)?
6
What is the value of 8 + 5 + -6 + -2?
5
What is the value of 5 + (-1 + -1 - 1)?
2
Evaluate -2 - (4 + -4 + 1).
-3
What is 2 - (-1 - -1 - 2 - -5)?
-1
What is the value of (-1 - -13) + -6 + -10?
-4
What is the value of 2 + 1 + 5 + -3 + -1?
4
What is the value of 0 + 1 - ((11 - 4) + -4)?
-2
-1 - -3 - 12 - -16
6
Calculate 8 + -3 + 2 - 2.
5
(1 - 5) + 15 + -8
3
-2 + -5 - (3 - 0 - 10)
0
Calculate (-1 + -3 + 0 - -9) + 0.
5
Calculate -6 + (8 - -2) + (-12 - -5).
-3
Evaluate (-12 - -6) + 2 + 2.
-2
Calculate 4 + (2 - 3) + 0.
3
Calculate 2 + (-11 - -9) - (0 + -2).
2
0 - (4 - (-2 - -7 - 1))
0
0 + -9 + 8 + -1
-2
Calculate 2 - (0 + -6 - -3).
5
What is 5 + -4 + 6 + -7?
0
-8 + 4 - (2 - 6)
0
What is -10 + 3 + -1 + 3 + 0?
-5
Calculate 1 + (2 - -1) + (-1 - 4).
-1
What is the value of -1 + -6 + 3 + -1?
-5
Evaluate -2 + 3 + 2 + -1 + 1.
3
Evaluate -6 - (2 + -8 + -1).
1
What is the value of -3 - (-4 - (0 - 1))?
0
Calculate (-18 + 9 - -4) + 2 + -3.
-6
Evaluate 18 - 10 - (1 - (2 - 5)).
4
Evaluate -3 + 5 + 7 - 1.
8
Calculate -1 + 0 + (6 - 5) + -2.
-2
Calculate -4 + 3 + 2 - (-4 - -6).
-1
Evaluate 4 - 0 - (9 + -9).
4
Calculate -36 - -41 - (0 + 3) - -3.
5
(1 - (0 + 0)) + (-1 - -3)
3
Calculate -10 + (-7 - (-22 - -7)).
-2
2 + -3 + (7 - 11)
-5
What is the value of -1 + -7 + 16 - 9?
-1
-1 - ((-4 - (-14 + 4)) + -6)
-1
What is (-2 - (-7 + 3)) + -27 + 32?
7
Evaluate (0 + 0 - 2) + (-307 - -300).
-9
Evaluate 2 + 2 - 7 - -2 - 1.
-2
-1 + 1 - -1 - 6
-5
What is the value of -2 + (-3 - -1) + (-23 - -26)?
-1
2 - 12 - -4 - -6 - -2
2
Evaluate -6 + 5 + (0 - 1).
-2
Calculate (0 - 0 - (-26 + 23)) + -12.
-9
Evaluate -6 - 0 - (3 - 30 - -26).
-5
Evaluate 0 + 0 - (-6 + -12 - -15).
3
What is (6 - 15) + 3 - -7?
1
-15 - -14 - (-1 - -4)
-4
Calculate (2 - -2) + (0 - 2).
2
What is -40 + 40 + (-1 - -6) + -8?
-3
Calculate 0 + 2 - (-27 + 28).
1
(-11 - -35) + -13 + -5
6
What is the value of (7 + 0 - -5) + 2 + -6?
8
(-11 - 2) + 5 - (-1 - -1)
-8
Calculate 3 + (-8 - 2) + 4.
-3
What is (4 - 4) + 0 - 3?
-3
8 + -16 - (3 - 13)
2
Evaluate -6 - -10 - (1 + 0).
3
Calculate -7 + 7 - (1 + -3).
2
(1 - (-2 + 1)) + -1 + 1
2
Calculate -2 + 3 + -2 + -3.
-4
Calculate 5 + -2 + (-4 - -6).
5
What is the value of (-1 - 2) + (5 - 4 - -1)?
-1
What is the value of 8 + -1 + -4 - 4?
-1
What is 40 - 53 - (0 - 8)?
-5
What is the value of 15 + 6 + -1 + -13?
7
-11 + (10 - 13) + (-4 - -14)
-4
What is -1 + (-3 - -13) - (4 + 1)?
4
Evaluate 0 + 2 + (2 - -1) + -3.
2
(5 - -4 - 13) + (0 - -7)
3
12 - (-13 - (-13 + -13))
-1
-5 + -1 + (3 - -5) + -3
-1
What is (2 - (3 + (4 - 0))) + 3?
-2
(0 + -4 - 3) + 3 + 0
-4
What is the value of (4 + 2 - (0 - 0)) + -3?
3
-5 - (-3 + 1 + -1) - 5
-7
Calculate 22 + -28 + (2 - 0).
-4
Calculate 0 - (1 + (-1 - (-2 + -2))).
-4
What is the value of 12 + 1 + 14 + -30 + 9?
6
-15 + -3 + -5 + 15
-8
Evaluate -7 + 9 - (3 - -2).
-3
What is the value of 0 + (0 - -1 - 4 - 2)?
-5
-4 + 2 + 1 + 6
5
Evaluate -1 - (-1 + -4) - 6.
-2
-11 + 1 + 41 + -39
-8
What is the value of -8 - (28 + -15 + -15)?
-6
What is the value of -3 + 7 - (3 - (-6 + 1))?
-4
What is -8 - (0 + (-7 - -5 - 1))?
-5
Evaluate (-2 - 2) + 6 + (5 - 4).
3
-4 - (1 + -4 - 1)
0
What is 9 - (2 - 2 - 5 - -10)?
4
Calculate -2 - -3 - (-1 - 1) - 2.
1
-2 + (-3 + 11 - 6)
0
What is the value of 0 + 11 - (14 + -2)?
-1
Evaluate (3 - (4 - 8) - 0) + -7.
0
What is -2 - (-4 + -5 + 7)?
0
Calculate -2 + (-6 - (0 - -3 - 17)).
6
What is -2 + -2 + (0 - (-2 + 2))?
-4
Calculate -9 + (12 - 0) - 9.
-6
What is the value of 1 - (8 + -4 - 8 - -8)?
-3
Evaluate 3 - (6 - 11) - 8.
0
3 + (7 - 11 - 7)
-8
What is the value of -3 + -9 + 1 + 10?
-1
What is 4 + 4 + -1 - 5?
2
-18 + 14 - -9 - (6 + 0)
-1
Calculate 0 + 4 + -2 + 0.
2
Evaluate -3 + -1 - 1 - (-175 + 170).
0
What is 2 - (-2 - -7) - -7?
4
Calculate -4 + 0 - (8 + 4 + -11).
-5
What is -4 + (-15 - 